s -3 - 400?
-403
In base 12, what is 142 - -5?
147
In base 5, what is 1302122 + -3?
1302114
In base 12, what is 2 + -1246?
-1244
In base 11, what is 4 - 35?
-31
In base 11, what is 15 + -77a?
-765
In base 14, what is 15 + 47?
5c
In base 10, what is 1 - -104?
105
In base 13, what is 13c - -6?
145
In base 5, what is -10 + 1041?
1031
In base 12, what is -1 - 4?
-5
In base 5, what is 441 + -3?
433
In base 8, what is -4 + -47?
-53
In base 16, what is -d - -5?
-8
In base 13, what is 16 - -1?
17
In base 11, what is 162 + -4?
159
In base 11, what is -5 + -11a1?
-11a6
In base 15, what is -6 - 5?
-b
In base 10, what is 27 + 2?
29
In base 10, what is -94 + 5?
-89
In base 13, what is -6 - 1bb?
-1c4
In base 3, what is -12 + 12?
0
In base 10, what is 222 - 4?
218
In base 13, what is 288 - 2?
286
In base 4, what is -110311 + 0?
-110311
In base 14, what is 219a + 4?
21a0
In base 11, what is -1862 + 4?
-1859
In base 12, what is -2 - -61?
5b
In base 7, what is -1 - 1035?
-1036
In base 6, what is -501 - 3?
-504
In base 4, what is -2120 - -11?
-2103
In base 15, what is 2cb - 4?
2c7
In base 5, what is 1441 + -4?
1432
In base 7, what is 301 + -1?
300
In base 14, what is -94a + 4?
-946
In base 13, what is 2 + 7c3?
7c5
In base 9, what is -210 - -5?
-204
In base 4, what is 101011 - 11?
101000
In base 3, what is 11101 - 10?
11021
In base 10, what is 12 - 582?
-570
In base 4, what is -10010 + -123?
-10133
In base 8, what is -1702 + -1?
-1703
In base 10, what is 8 - 6?
2
In base 8, what is -4 - 1347?
-1353
In base 16, what is -ad - 3d?
-ea
In base 7, what is 3 + -421?
-415
In base 15, what is 1 - 5b?
-5a
In base 8, what is -7 - 306?
-315
In base 16, what is 1 + 3c?
3d
In base 9, what is 3 + 5?
8
In base 13, what is -61 + -6?
-67
In base 12, what is -55 + 8?
-49
In base 9, what is 1485 - -8?
1504
In base 7, what is -4 + 30?
23
In base 13, what is -13a9 + 4?
-13a5
In base 2, what is 1000000 + -101?
111011
In base 16, what is 0 - af?
-af
In base 14, what is -5 - 2d?
-34
In base 5, what is -14010 + 13?
-13442
In base 4, what is 22 + 1000?
1022
In base 3, what is 11 + 202012?
202100
In base 9, what is 1 - 173?
-172
In base 7, what is -25461 - 5?
-25466
In base 7, what is -3 + 1201?
1165
In base 12, what is 15 + 32?
47
In base 15, what is -2 + -133?
-135
In base 7, what is 1360 + 4?
1364
In base 14, what is 2 + -319?
-317
In base 12, what is -a - -39a?
390
In base 6, what is 2 + 113?
115
In base 16, what is -555 - -1?
-554
In base 11, what is 1121 - 9?
1113
In base 14, what is -395 - 4?
-399
In base 7, what is -1062 + -34?
-1126
In base 13, what is 753 - -5?
758
In base 12, what is 1 + -1315?
-1314
In base 11, what is 1 + 29?
2a
In base 4, what is 1020130 - 1?
1020123
In base 10, what is -2 + 57?
55
In base 16, what is 452 + 4?
456
In base 6, what is -1124 + -4?
-1132
In base 8, what is 136 - 1?
135
In base 4, what is 0 + 1112?
1112
In base 5, what is -10 + -1112?
-1122
In base 16, what is -6efa - -5?
-6ef5
In base 14, what is 4 + -39?
-35
In base 14, what is 353d + -4?
3539
In base 8, what is -2 + 61?
57
In base 15, what is -26 - 20?
-46
In base 16, what is 2e - -6d?
9b
In base 2, what is -1001010 - -10?
-1001000
In base 12, what is 177 + 2?
179
In base 8, what is -3207 + -1?
-3210
In base 15, what is -5 - 21?
-26
In base 15, what is -e0 + -9?
-e9
In base 13, what is -1 - -92?
91
In base 3, what is -101021 + -100?
-101121
In base 2, what is 0 + 10011100?
10011100
In base 5, what is 131400 + 4?
131404
In base 7, what is -15 + -2516?
-2534
In base 4, what is 22 + 32?
120
In base 7, what is 3 + 1050?
1053
In base 15, what is 3 + 1?
4
In base 5, what is 1 + 41420?
41421
In base 8, what is 152 - -2?
154
In base 6, what is -1042 + -202?
-1244
In base 6, what is 1254 + -5?
1245
In base 13, what is 3 + 162?
165
In base 16, what is 33 - -4?
37
In base 8, what is -255 + -44?
-321
In base 3, what is 2112 + -12201?
-10012
In base 10, what is -288 + -2?
-290
In base 5, what is -1040203 + -10?
-1040213
In base 7, what is 5100 + -2?
5065
In base 2, what is 1001 + 111100110?
111101111
In base 10, what is -1114 - 1?
-1115
In base 4, what is 3300130 + 2?
3300132
In base 4, what is 200 + 31?
231
In base 14, what is -2 + -2?
-4
In base 10, what is -18575 + 3?
-18572
In base 16, what is -4aa - 5?
-4af
In base 16, what is -54 + -4?
-58
In base 8, what is 12 + 5?
17
In base 11, what is 3 - 12?
-a
In base 12, what is 1 - 432?
-431
In base 7, what is -240 + -5?
-245
In base 4, what is -220 - 131?
-1011
In base 3, what is 1002 + -100?
202
In base 4, what is -130 + -213?
-1003
In base 10, what is 12 + 1?
13
In base 4, what is -121000 + 11?
-120323
In base 5, what is 3 - -1104?
1112
In base 10, what is -1 + 210?
209
In base 11, what is 183 + 21?
1a4
In base 3, what is -1011 - -1?
-1010
In base 16, what is -163 - 1?
-164
In base 8, what is -173 - -61?
-112
In base 3, what is 102120 + 0?
102120
In base 3, what is -1212 + 11?
-1201
In base 14, what is b - 3?
8
In base 6, what is -15541 + -5?
-15550
In base 10, what is 1 + 484?
485
In base 5, what is -13014 + -10?
-13024
In base 10, what is 5 - 37?
-32
In base 9, what is -2 + -47?
-50
In base 7, what is -4 + 4443?
4436
In base 2, what is 110111000001111 + 101?
110111000010100
In base 16, what is 6 - 5?
1
In base 6, what is 2 + -1540?
-1534
In base 5, what is -41 - 1?
-42
In base 7, what is 2 - -141?
143
In base 7, what is 1 - -153?
154
In base 4, what is 1113 - 2?
1111
In base 3, what is 0 - -2222?
2222
In base 8, what is 4 - -53?
57
In base 8, what is 1 - -233?
234
In base 2, what is -110 - 0?
-110
In base 2, what is -1 + 11011?
11010
In base 11, what is 18 + -571?
-554
In base 7, what is -355 - 2?
-360
In base 3, what is -2 + -2222?
-10001
In base 4, what is -10 + 20330?
20320
In base 8, what is -3 + -1?
-4
In base 6, what is -112 + -2?
-114
In base 10, what is -57 + -7?
-64
In base 14, what is 2d6 + -1?
2d5
In base 2, what is -111110 - 10011?
-1010001
In base 11, what is -1726 + -6?
-1731
In base 6, what is 3 + 353?
400
In base 15, what is -23 - 6?
-29
In base 10, what is -41216 - 1?
-41217
In base 2, what is 1100100 + -1110?
1010110
In base 8, what is -11351 + -4?
-11355
In base 5, what is -14 + 120?
101
In base 4, what is 30 + -203?
-113
In base 12, what is 239 + -b?
22a
In base 9, what is -10 - -16?
6
In base 12, what is -4 + 25a?
256
In base 14, what is 3a - 56?
-1a
In base 5, what is 14 + 124?
143
In base 6, what is -140515 + 5?
-140510
In base 15, what is d1 - -4?
d5
In base 15, what is 7b - -1?
7c
In base 15, what is -7 + -a0?
-a7
In base 12, what is 1129 - -2?
112b
In base 11, what is 4 - -84?
88
In base 13, what is -27 - 2?
-29
In base 8, what is -11 + -54?
-65
In base 4, what is -223 + -11?
-300
In base 11, what is 54 + -3?
51
In base 12, what is 15a + -1?
159
In base 3, what is 12 + -20120?
-20101
In base 16, what is 4 + -15?
-11
In base 16, what is -c - -76?
6a
In base 12, what is -3 - -100?
b9
In base 3, what is 21 + -2021?
-2000
In base 14, what is b3 - 1?
b2
In base 9, what is -52 + -38?
-101
In base 2, what is 1001110 - 1001?
1000101
In base 7, what is -1 + 12124?
12123
In base 8, what is 533 - 27?
504
In base 6, what is 3 - -2150?
2153
In base 11, what is 18 + 969?
986
In base 16, what is -2db + -3?
-2de
In base 2, what is -1 + -110101001?
-110101010
In base 10, what is -80 + -6?
-86
In base 5, what is 10120 - -10?
10130
In base 10, what is 19 + 10?
29
In base 10, what is -436 + -22?
-458
In base 12, what is 2 - 1426?
-1424
In base 11, what is 2 + 0?
2
In base 7, what is -4 + -34?
-41
In base 7, what is -146 + 1?
-145
In base 16, what is 1 + -25?
-24
In base 12, what is -548 - -4?
-544
In base 11, what is -4 - 44?
-48
In base 6, what is -45512 - -1?
-45511
In base 6, what is 2 - -1012?
1014
In base 13, what is -2 + -2?
-4
In base 11, what is -40 - 8?
-48
In base 10, what is 5 - 11?
-6
In base 8, what is 4 + -260?
-254
In base 5, what is -1204 - 10?
-1214
In base 16, what is -209 + -2?
-20b
In base 11, what is -2366 - -2?
-2364
In base 9, what is -44 - -46?
2
In base 9, what is 28 - -557?
586
In base 5, what is -3 + 22?
14
In base 3, what is 2120 - -21?
2211
In base 13, what is -1ac - b?
-1ba
In base 5, what is -4 + -343?
-402
In base 10, what is 4 + 1?
5
In base 11, what is -10374 - 5?
-10379
In base 14, what is -25 + 172?
14b
In ba